{"id":2854,"date":"2022-03-15T11:40:27","date_gmt":"2022-03-15T10:40:27","guid":{"rendered":"https:\/\/grupo-organistrum.com\/equipo\/javier-ares-espino\/"},"modified":"2022-06-16T13:02:46","modified_gmt":"2022-06-16T11:02:46","slug":"javier-ares-espino","status":"publish","type":"equipo","link":"https:\/\/grupo-organistrum.com\/gl\/equipo\/javier-ares-espino\/","title":{"rendered":"Javier Ares Espi\u00f1o"},"content":{"rendered":"<p align=\"justify\">Javier Ares Espi\u00f1o (Ourense, 1979), doutor pola USC e catedr\u00e1tico de piano no Conservatorio Superior de M\u00fasica de A Coru\u00f1a. Realizou os seus estudos de piano no Conservatorio Superior de M\u00fasica de A Coru\u00f1a, baixo a direcci\u00f3n de Natalia Lamas. Posteriormente ampliou a s\u00faa formaci\u00f3n no Centro Superior de Ensinanza Musical Katarina Gurska, recibindo clases de Alexander Kandelaki e Nino Kereselidze. Desenvolve unha ampla actividade como concertista en diversas formaci\u00f3ns de m\u00fasica de c\u00e1mara e tam\u00e9n como solista.   <\/p>\n<p align=\"justify\">A trav\u00e9s do programa de doutorado \u201cM\u00fasica na Espa\u00f1a Contempor\u00e1nea\u201d (UGR, UB, UNIOVI e USC) iniciou a s\u00faa labor como investigador, baixo a direcci\u00f3n do Dr. Carlos Villanueva. En 2016 publicou unha monograf\u00eda titulada  <i>Carlos L\u00f3pez Garc\u00eda-Picos. M\u00fasica a orillas de \u00e9l Atl\u00e1ntico <\/i>co editada pola USC, a Xunta de Galicia e o Concello de Betanzos.<\/p>\n<p align=\"justify\">\u00c9 membro da Irmandade da M\u00fasica Galega, grupo c\u00edvico cooperativo no que confl\u00faen profesionais da m\u00fasica, investigadores, colaboradores e colectivos que se re\u00fanen coa finalidade de traballar na posta en valor, preservaci\u00f3n, divulgaci\u00f3n e dinamizaci\u00f3n da m\u00fasica patrimonial galega.<\/p>\n<p align=\"justify\">Forma parte do Grupo Organistrum da USC, a trav\u00e9s do que participou no Proxecto I+D+i \u201cFondos documentais de m\u00fasica nos arquivos civ\u00eds de Galicia (1875-1951): Cidades do Eixe Atl\u00e1ntico\u201d (REF: HAR2015-64024-R) e actualmente participa no Proxecto de I+D+i \u201cGalicia-Am\u00e9rica: M\u00fasica civil, ideolox\u00eda e identidades culturais a trav\u00e9s do Atl\u00e1ntico (1800-1950)\u201d (REF: PID2020-115496RB-I00).<\/p>\n","protected":false},"featured_media":7954,"menu_order":0,"template":"","meta":{"_acf_changed":false},"categoria-equipo":[138],"class_list":["post-2854","equipo","type-equipo","status-publish","has-post-thumbnail","hentry"],"acf":[],"yoast_head":"<!-- This site is optimized with the Yoast SEO plugin v25.2 - https:\/\/yoast.com\/wordpress\/plugins\/seo\/ -->\n<title>Javier Ares Espi\u00f1o - Organistrum<\/title>\n<meta name=\"robots\" content=\"index, follow, max-snippet:-1, max-image-preview:large, max-video-preview:-1\" \/>\n<link rel=\"canonical\" href=\"https:\/\/grupo-organistrum.com\/gl\/equipo\/javier-ares-espino\/\" \/>\n<meta property=\"og:locale\" content=\"gl_ES\" \/>\n<meta property=\"og:type\" content=\"article\" \/>\n<meta property=\"og:title\" content=\"Javier Ares Espi\u00f1o - Organistrum\" \/>\n<meta property=\"og:description\" content=\"Javier Ares Espi\u00f1o (Ourense, 1979), doutor pola USC e catedr\u00e1tico de piano no Conservatorio Superior de M\u00fasica de A Coru\u00f1a. Realizou os seus estudos de piano no Conservatorio Superior de M\u00fasica de A Coru\u00f1a, baixo a direcci\u00f3n de Natalia Lamas. Posteriormente ampliou a s\u00faa formaci\u00f3n no Centro Superior de Ensinanza Musical Katarina Gurska, recibindo clases ... Ler m\u00e1is\" \/>\n<meta property=\"og:url\" content=\"https:\/\/grupo-organistrum.com\/gl\/equipo\/javier-ares-espino\/\" \/>\n<meta property=\"og:site_name\" content=\"Organistrum\" \/>\n<meta property=\"article:modified_time\" content=\"2022-06-16T11:02:46+00:00\" \/>\n<meta property=\"og:image\" content=\"https:\/\/grupo-organistrum.com\/wp-content\/uploads\/2022\/02\/9186a4_ad09f9a3aaee4842bea841bf8bf2b8ad-e1655377122125.webp\" \/>\n\t<meta property=\"og:image:width\" content=\"1280\" \/>\n\t<meta property=\"og:image:height\" content=\"853\" \/>\n\t<meta property=\"og:image:type\" content=\"image\/webp\" \/>\n<meta name=\"twitter:card\" content=\"summary_large_image\" \/>\n<meta name=\"twitter:label1\" content=\"Tempo de lectura\" \/>\n\t<meta name=\"twitter:data1\" content=\"1 minuto\" \/>\n<script type=\"application\/ld+json\" class=\"yoast-schema-graph\">{\"@context\":\"https:\/\/schema.org\",\"@graph\":[{\"@type\":\"WebPage\",\"@id\":\"https:\/\/grupo-organistrum.com\/gl\/equipo\/javier-ares-espino\/\",\"url\":\"https:\/\/grupo-organistrum.com\/gl\/equipo\/javier-ares-espino\/\",\"name\":\"Javier Ares Espi\u00f1o - Organistrum\",\"isPartOf\":{\"@id\":\"https:\/\/grupo-organistrum.com\/gl\/#website\"},\"primaryImageOfPage\":{\"@id\":\"https:\/\/grupo-organistrum.com\/gl\/equipo\/javier-ares-espino\/#primaryimage\"},\"image\":{\"@id\":\"https:\/\/grupo-organistrum.com\/gl\/equipo\/javier-ares-espino\/#primaryimage\"},\"thumbnailUrl\":\"https:\/\/grupo-organistrum.com\/wp-content\/uploads\/2022\/02\/9186a4_ad09f9a3aaee4842bea841bf8bf2b8ad-e1655377122125.webp\",\"datePublished\":\"2022-03-15T10:40:27+00:00\",\"dateModified\":\"2022-06-16T11:02:46+00:00\",\"breadcrumb\":{\"@id\":\"https:\/\/grupo-organistrum.com\/gl\/equipo\/javier-ares-espino\/#breadcrumb\"},\"inLanguage\":\"gl-ES\",\"potentialAction\":[{\"@type\":\"ReadAction\",\"target\":[\"https:\/\/grupo-organistrum.com\/gl\/equipo\/javier-ares-espino\/\"]}]},{\"@type\":\"ImageObject\",\"inLanguage\":\"gl-ES\",\"@id\":\"https:\/\/grupo-organistrum.com\/gl\/equipo\/javier-ares-espino\/#primaryimage\",\"url\":\"https:\/\/grupo-organistrum.com\/wp-content\/uploads\/2022\/02\/9186a4_ad09f9a3aaee4842bea841bf8bf2b8ad-e1655377122125.webp\",\"contentUrl\":\"https:\/\/grupo-organistrum.com\/wp-content\/uploads\/2022\/02\/9186a4_ad09f9a3aaee4842bea841bf8bf2b8ad-e1655377122125.webp\",\"width\":1280,\"height\":853},{\"@type\":\"BreadcrumbList\",\"@id\":\"https:\/\/grupo-organistrum.com\/gl\/equipo\/javier-ares-espino\/#breadcrumb\",\"itemListElement\":[{\"@type\":\"ListItem\",\"position\":1,\"name\":\"Portada\",\"item\":\"https:\/\/grupo-organistrum.com\/gl\/\"},{\"@type\":\"ListItem\",\"position\":2,\"name\":\"Javier Ares Espi\u00f1o\"}]},{\"@type\":\"WebSite\",\"@id\":\"https:\/\/grupo-organistrum.com\/gl\/#website\",\"url\":\"https:\/\/grupo-organistrum.com\/gl\/\",\"name\":\"Organistrum\",\"description\":\"Grupo de Investigaci\u00f3n\",\"publisher\":{\"@id\":\"https:\/\/grupo-organistrum.com\/gl\/#organization\"},\"potentialAction\":[{\"@type\":\"SearchAction\",\"target\":{\"@type\":\"EntryPoint\",\"urlTemplate\":\"https:\/\/grupo-organistrum.com\/gl\/?s={search_term_string}\"},\"query-input\":{\"@type\":\"PropertyValueSpecification\",\"valueRequired\":true,\"valueName\":\"search_term_string\"}}],\"inLanguage\":\"gl-ES\"},{\"@type\":\"Organization\",\"@id\":\"https:\/\/grupo-organistrum.com\/gl\/#organization\",\"name\":\"Grupo Organistrum | Grupo de investigaci\u00f3n | GI-2025\",\"url\":\"https:\/\/grupo-organistrum.com\/gl\/\",\"logo\":{\"@type\":\"ImageObject\",\"inLanguage\":\"gl-ES\",\"@id\":\"https:\/\/grupo-organistrum.com\/gl\/#\/schema\/logo\/image\/\",\"url\":\"https:\/\/grupo-organistrum.com\/wp-content\/uploads\/2022\/02\/logo.png\",\"contentUrl\":\"https:\/\/grupo-organistrum.com\/wp-content\/uploads\/2022\/02\/logo.png\",\"width\":464,\"height\":103,\"caption\":\"Grupo Organistrum | Grupo de investigaci\u00f3n | GI-2025\"},\"image\":{\"@id\":\"https:\/\/grupo-organistrum.com\/gl\/#\/schema\/logo\/image\/\"}}]}<\/script>\n<!-- \/ Yoast SEO plugin. -->","yoast_head_json":{"title":"Javier Ares Espi\u00f1o - Organistrum","robots":{"index":"index","follow":"follow","max-snippet":"max-snippet:-1","max-image-preview":"max-image-preview:large","max-video-preview":"max-video-preview:-1"},"canonical":"https:\/\/grupo-organistrum.com\/gl\/equipo\/javier-ares-espino\/","og_locale":"gl_ES","og_type":"article","og_title":"Javier Ares Espi\u00f1o - Organistrum","og_description":"Javier Ares Espi\u00f1o (Ourense, 1979), doutor pola USC e catedr\u00e1tico de piano no Conservatorio Superior de M\u00fasica de A Coru\u00f1a. Realizou os seus estudos de piano no Conservatorio Superior de M\u00fasica de A Coru\u00f1a, baixo a direcci\u00f3n de Natalia Lamas. Posteriormente ampliou a s\u00faa formaci\u00f3n no Centro Superior de Ensinanza Musical Katarina Gurska, recibindo clases ... Ler m\u00e1is","og_url":"https:\/\/grupo-organistrum.com\/gl\/equipo\/javier-ares-espino\/","og_site_name":"Organistrum","article_modified_time":"2022-06-16T11:02:46+00:00","og_image":[{"width":1280,"height":853,"url":"https:\/\/grupo-organistrum.com\/wp-content\/uploads\/2022\/02\/9186a4_ad09f9a3aaee4842bea841bf8bf2b8ad-e1655377122125.webp","type":"image\/webp"}],"twitter_card":"summary_large_image","twitter_misc":{"Tempo de lectura":"1 minuto"},"schema":{"@context":"https:\/\/schema.org","@graph":[{"@type":"WebPage","@id":"https:\/\/grupo-organistrum.com\/gl\/equipo\/javier-ares-espino\/","url":"https:\/\/grupo-organistrum.com\/gl\/equipo\/javier-ares-espino\/","name":"Javier Ares Espi\u00f1o - Organistrum","isPartOf":{"@id":"https:\/\/grupo-organistrum.com\/gl\/#website"},"primaryImageOfPage":{"@id":"https:\/\/grupo-organistrum.com\/gl\/equipo\/javier-ares-espino\/#primaryimage"},"image":{"@id":"https:\/\/grupo-organistrum.com\/gl\/equipo\/javier-ares-espino\/#primaryimage"},"thumbnailUrl":"https:\/\/grupo-organistrum.com\/wp-content\/uploads\/2022\/02\/9186a4_ad09f9a3aaee4842bea841bf8bf2b8ad-e1655377122125.webp","datePublished":"2022-03-15T10:40:27+00:00","dateModified":"2022-06-16T11:02:46+00:00","breadcrumb":{"@id":"https:\/\/grupo-organistrum.com\/gl\/equipo\/javier-ares-espino\/#breadcrumb"},"inLanguage":"gl-ES","potentialAction":[{"@type":"ReadAction","target":["https:\/\/grupo-organistrum.com\/gl\/equipo\/javier-ares-espino\/"]}]},{"@type":"ImageObject","inLanguage":"gl-ES","@id":"https:\/\/grupo-organistrum.com\/gl\/equipo\/javier-ares-espino\/#primaryimage","url":"https:\/\/grupo-organistrum.com\/wp-content\/uploads\/2022\/02\/9186a4_ad09f9a3aaee4842bea841bf8bf2b8ad-e1655377122125.webp","contentUrl":"https:\/\/grupo-organistrum.com\/wp-content\/uploads\/2022\/02\/9186a4_ad09f9a3aaee4842bea841bf8bf2b8ad-e1655377122125.webp","width":1280,"height":853},{"@type":"BreadcrumbList","@id":"https:\/\/grupo-organistrum.com\/gl\/equipo\/javier-ares-espino\/#breadcrumb","itemListElement":[{"@type":"ListItem","position":1,"name":"Portada","item":"https:\/\/grupo-organistrum.com\/gl\/"},{"@type":"ListItem","position":2,"name":"Javier Ares Espi\u00f1o"}]},{"@type":"WebSite","@id":"https:\/\/grupo-organistrum.com\/gl\/#website","url":"https:\/\/grupo-organistrum.com\/gl\/","name":"Organistrum","description":"Grupo de Investigaci\u00f3n","publisher":{"@id":"https:\/\/grupo-organistrum.com\/gl\/#organization"},"potentialAction":[{"@type":"SearchAction","target":{"@type":"EntryPoint","urlTemplate":"https:\/\/grupo-organistrum.com\/gl\/?s={search_term_string}"},"query-input":{"@type":"PropertyValueSpecification","valueRequired":true,"valueName":"search_term_string"}}],"inLanguage":"gl-ES"},{"@type":"Organization","@id":"https:\/\/grupo-organistrum.com\/gl\/#organization","name":"Grupo Organistrum | Grupo de investigaci\u00f3n | GI-2025","url":"https:\/\/grupo-organistrum.com\/gl\/","logo":{"@type":"ImageObject","inLanguage":"gl-ES","@id":"https:\/\/grupo-organistrum.com\/gl\/#\/schema\/logo\/image\/","url":"https:\/\/grupo-organistrum.com\/wp-content\/uploads\/2022\/02\/logo.png","contentUrl":"https:\/\/grupo-organistrum.com\/wp-content\/uploads\/2022\/02\/logo.png","width":464,"height":103,"caption":"Grupo Organistrum | Grupo de investigaci\u00f3n | GI-2025"},"image":{"@id":"https:\/\/grupo-organistrum.com\/gl\/#\/schema\/logo\/image\/"}}]}},"_links":{"self":[{"href":"https:\/\/grupo-organistrum.com\/gl\/wp-json\/wp\/v2\/equipo\/2854","targetHints":{"allow":["GET"]}}],"collection":[{"href":"https:\/\/grupo-organistrum.com\/gl\/wp-json\/wp\/v2\/equipo"}],"about":[{"href":"https:\/\/grupo-organistrum.com\/gl\/wp-json\/wp\/v2\/types\/equipo"}],"wp:featuredmedia":[{"embeddable":true,"href":"https:\/\/grupo-organistrum.com\/gl\/wp-json\/wp\/v2\/media\/7954"}],"wp:attachment":[{"href":"https:\/\/grupo-organistrum.com\/gl\/wp-json\/wp\/v2\/media?parent=2854"}],"wp:term":[{"taxonomy":"categoria-equipo","embeddable":true,"href":"https:\/\/grupo-organistrum.com\/gl\/wp-json\/wp\/v2\/categoria-equipo?post=2854"}],"curies":[{"name":"wp","href":"https:\/\/api.w.org\/{rel}","templated":true}]}}

Javier Ares Espiño

<p align="justify">Javier Ares Espiño (Ourense, 1979), doutor pola USC e catedrático de piano no Conservatorio Superior de Música de A Coruña. Realizou os seus estudos de piano no Conservatorio Superior de Música de A Coruña, baixo a dirección de Natalia Lamas. Posteriormente ampliou a súa formación no Centro Superior de Ensinanza Musical Katarina Gurska, recibindo clases de Alexander Kandelaki e Nino Kereselidze. Desenvolve unha ampla actividade como concertista en diversas formacións de música de cámara e tamén como solista.   </p>
<p align="justify">A través do programa de doutorado “Música na España Contemporánea” (UGR, UB, UNIOVI e USC) iniciou a súa labor como investigador, baixo a dirección do Dr. Carlos Villanueva. En 2016 publicou unha monografía titulada  <i>Carlos López García-Picos. Música a orillas de él Atlántico </i>co editada pola USC, a Xunta de Galicia e o Concello de Betanzos.</p>
<p align="justify">É membro da Irmandade da Música Galega, grupo cívico cooperativo no que conflúen profesionais da música, investigadores, colaboradores e colectivos que se reúnen coa finalidade de traballar na posta en valor, preservación, divulgación e dinamización da música patrimonial galega.</p>
<p align="justify">Forma parte do Grupo Organistrum da USC, a través do que participou no Proxecto I+D+i “Fondos documentais de música nos arquivos civís de Galicia (1875-1951): Cidades do Eixe Atlántico” (REF: HAR2015-64024-R) e actualmente participa no Proxecto de I+D+i “Galicia-América: Música civil, ideoloxía e identidades culturais a través do Atlántico (1800-1950)” (REF: PID2020-115496RB-I00).</p>

<!-- This site is optimized with the Yoast SEO plugin v25.2 - https://yoast.com/wordpress/plugins/seo/ -->
<title>Javier Ares Espiño - Organistrum</title>
<meta name="robots" content="index, follow, max-snippet:-1, max-image-preview:large, max-video-preview:-1" />
<link rel="canonical" href="https://grupo-organistrum.com/gl/equipo/javier-ares-espino/" />
<meta property="og:locale" content="gl_ES" />
<meta property="og:type" content="article" />
<meta property="og:title" content="Javier Ares Espiño - Organistrum" />
<meta property="og:description" content="Javier Ares Espiño (Ourense, 1979), doutor pola USC e catedrático de piano no Conservatorio Superior de Música de A Coruña. Realizou os seus estudos de piano no Conservatorio Superior de Música de A Coruña, baixo a dirección de Natalia Lamas. Posteriormente ampliou a súa formación no Centro Superior de Ensinanza Musical Katarina Gurska, recibindo clases ... Ler máis" />
<meta property="og:url" content="https://grupo-organistrum.com/gl/equipo/javier-ares-espino/" />
<meta property="og:site_name" content="Organistrum" />
<meta property="article:modified_time" content="2022-06-16T11:02:46+00:00" />
<meta property="og:image" content="https://grupo-organistrum.com/wp-content/uploads/2022/02/9186a4_ad09f9a3aaee4842bea841bf8bf2b8ad-e1655377122125.webp" />
	<meta property="og:image:width" content="1280" />
	<meta property="og:image:height" content="853" />
	<meta property="og:image:type" content="image/webp" />
<meta name="twitter:card" content="summary_large_image" />
<meta name="twitter:label1" content="Tempo de lectura" />
	<meta name="twitter:data1" content="1 minuto" />
<script type="application/ld+json" class="yoast-schema-graph">{"@context":"https://schema.org","@graph":[{"@type":"WebPage","@id":"https://grupo-organistrum.com/gl/equipo/javier-ares-espino/","url":"https://grupo-organistrum.com/gl/equipo/javier-ares-espino/","name":"Javier Ares Espiño - Organistrum","isPartOf":{"@id":"https://grupo-organistrum.com/gl/#website"},"primaryImageOfPage":{"@id":"https://grupo-organistrum.com/gl/equipo/javier-ares-espino/#primaryimage"},"image":{"@id":"https://grupo-organistrum.com/gl/equipo/javier-ares-espino/#primaryimage"},"thumbnailUrl":"https://grupo-organistrum.com/wp-content/uploads/2022/02/9186a4_ad09f9a3aaee4842bea841bf8bf2b8ad-e1655377122125.webp","datePublished":"2022-03-15T10:40:27+00:00","dateModified":"2022-06-16T11:02:46+00:00","breadcrumb":{"@id":"https://grupo-organistrum.com/gl/equipo/javier-ares-espino/#breadcrumb"},"inLanguage":"gl-ES","potentialAction":[{"@type":"ReadAction","target":["https://grupo-organistrum.com/gl/equipo/javier-ares-espino/"]}]},{"@type":"ImageObject","inLanguage":"gl-ES","@id":"https://grupo-organistrum.com/gl/equipo/javier-ares-espino/#primaryimage","url":"https://grupo-organistrum.com/wp-content/uploads/2022/02/9186a4_ad09f9a3aaee4842bea841bf8bf2b8ad-e1655377122125.webp","contentUrl":"https://grupo-organistrum.com/wp-content/uploads/2022/02/9186a4_ad09f9a3aaee4842bea841bf8bf2b8ad-e1655377122125.webp","width":1280,"height":853},{"@type":"BreadcrumbList","@id":"https://grupo-organistrum.com/gl/equipo/javier-ares-espino/#breadcrumb","itemListElement":[{"@type":"ListItem","position":1,"name":"Portada","item":"https://grupo-organistrum.com/gl/"},{"@type":"ListItem","position":2,"name":"Javier Ares Espiño"}]},{"@type":"WebSite","@id":"https://grupo-organistrum.com/gl/#website","url":"https://grupo-organistrum.com/gl/","name":"Organistrum","description":"Grupo de Investigación","publisher":{"@id":"https://grupo-organistrum.com/gl/#organization"},"potentialAction":[{"@type":"SearchAction","target":{"@type":"EntryPoint","urlTemplate":"https://grupo-organistrum.com/gl/?s={search_term_string}"},"query-input":{"@type":"PropertyValueSpecification","valueRequired":true,"valueName":"search_term_string"}}],"inLanguage":"gl-ES"},{"@type":"Organization","@id":"https://grupo-organistrum.com/gl/#organization","name":"Grupo Organistrum | Grupo de investigación | GI-2025","url":"https://grupo-organistrum.com/gl/","logo":{"@type":"ImageObject","inLanguage":"gl-ES","@id":"https://grupo-organistrum.com/gl/#/schema/logo/image/","url":"https://grupo-organistrum.com/wp-content/uploads/2022/02/logo.png","contentUrl":"https://grupo-organistrum.com/wp-content/uploads/2022/02/logo.png","width":464,"height":103,"caption":"Grupo Organistrum | Grupo de investigación | GI-2025"},"image":{"@id":"https://grupo-organistrum.com/gl/#/schema/logo/image/"}}]}</script>
<!-- / Yoast SEO plugin. -->

Javier Ares Espiño - Organistrum

Javier Ares Espiño (Ourense, 1979), doutor pola USC e catedrático de piano no Conservatorio Superior de Música de A Coruña. Realizou os seus estudos de piano no Conservatorio Superior de Música de A Coruña, baixo a dirección de Natalia Lamas. Posteriormente ampliou a súa formación no Centro Superior de Ensinanza Musical Katarina Gurska, recibindo clases ... Ler máis

Grupo de Investigación

Grupo Organistrum | Grupo de investigación | GI-2025
