{"id":7714,"date":"2017-03-23T08:47:52","date_gmt":"2017-03-23T07:47:52","guid":{"rendered":"https:\/\/grupo-organistrum.com\/publicacion\/tradicionalismo-y-escena-una-aproximacion-a-la-musica-escenica-de-jose-baldomir\/"},"modified":"2022-06-13T08:58:20","modified_gmt":"2022-06-13T06:58:20","slug":"tradicionalismo-y-escena-una-aproximacion-a-la-musica-escenica-de-jose-baldomir","status":"publish","type":"publicacion","link":"https:\/\/grupo-organistrum.com\/gl\/publicacion\/tradicionalismo-y-escena-una-aproximacion-a-la-musica-escenica-de-jose-baldomir\/","title":{"rendered":"Tradicionalismo e escena: unha aproximaci\u00f3n \u00e1 m\u00fasica esc\u00e9nica de Jos\u00e9 Baldomir"},"content":{"rendered":"<p><strong>BIBLIOGRAF\u00cdA<\/strong><\/p>\n<p>Capel\u00e1n Fern\u00e1ndez, M. (2013): \u00abTradicionalismo y escena: una aproximaci\u00f3n a la m\u00fasica esc\u00e9nica de Jos\u00e9 Baldomir\u00bb. En M. Capel\u00e1n, L. Costa, J. Garbayo &amp; C. Villanueva (Eds.), Os so\u00f1os da memoria. Documentaci\u00f3n musical en Galicia: metodolox\u00edas para o estudio (pp. 229-260). Pontevedra: Deputaci\u00f3n de Pontevedra.<\/p>\n","protected":false},"featured_media":0,"template":"","meta":{"_acf_changed":false},"categoria-publicacion":[],"etiqueta-publicacion":[171,172,173,174,175,176,177,178],"class_list":["post-7714","publicacion","type-publicacion","status-publish","hentry","etiqueta-publicacion-historical-musicology-gl","etiqueta-publicacion-jose-baldomir-gl","etiqueta-publicacion-musica-escenica-gl","etiqueta-publicacion-nacionalismo-gl","etiqueta-publicacion-nacionalismo-musical-gl","etiqueta-publicacion-scenic-music-gl","etiqueta-publicacion-tradicionalismo-gl","etiqueta-publicacion-vanguardia-gl"],"acf":[],"yoast_head":"<!-- This site is optimized with the Yoast SEO plugin v25.2 - https:\/\/yoast.com\/wordpress\/plugins\/seo\/ -->\n<title>Tradicionalismo e escena: unha aproximaci\u00f3n \u00e1 m\u00fasica esc\u00e9nica de Jos\u00e9 Baldomir - Organistrum<\/title>\n<meta name=\"robots\" content=\"index, follow, max-snippet:-1, max-image-preview:large, max-video-preview:-1\" \/>\n<link rel=\"canonical\" href=\"https:\/\/grupo-organistrum.com\/gl\/publicacion\/tradicionalismo-y-escena-una-aproximacion-a-la-musica-escenica-de-jose-baldomir\/\" \/>\n<meta property=\"og:locale\" content=\"gl_ES\" \/>\n<meta property=\"og:type\" content=\"article\" \/>\n<meta property=\"og:title\" content=\"Tradicionalismo e escena: unha aproximaci\u00f3n \u00e1 m\u00fasica esc\u00e9nica de Jos\u00e9 Baldomir - Organistrum\" \/>\n<meta property=\"og:description\" content=\"BIBLIOGRAF\u00cdA Capel\u00e1n Fern\u00e1ndez, M. (2013): \u00abTradicionalismo y escena: una aproximaci\u00f3n a la m\u00fasica esc\u00e9nica de Jos\u00e9 Baldomir\u00bb. En M. Capel\u00e1n, L. Costa, J. Garbayo &amp; C. Villanueva (Eds.), Os so\u00f1os da memoria. Documentaci\u00f3n musical en Galicia: metodolox\u00edas para o estudio (pp. 229-260). Pontevedra: Deputaci\u00f3n de Pontevedra.\" \/>\n<meta property=\"og:url\" content=\"https:\/\/grupo-organistrum.com\/gl\/publicacion\/tradicionalismo-y-escena-una-aproximacion-a-la-musica-escenica-de-jose-baldomir\/\" \/>\n<meta property=\"og:site_name\" content=\"Organistrum\" \/>\n<meta property=\"article:modified_time\" content=\"2022-06-13T06:58:20+00:00\" \/>\n<meta name=\"twitter:card\" content=\"summary_large_image\" \/>\n<script type=\"application\/ld+json\" class=\"yoast-schema-graph\">{\"@context\":\"https:\/\/schema.org\",\"@graph\":[{\"@type\":\"WebPage\",\"@id\":\"https:\/\/grupo-organistrum.com\/gl\/publicacion\/tradicionalismo-y-escena-una-aproximacion-a-la-musica-escenica-de-jose-baldomir\/\",\"url\":\"https:\/\/grupo-organistrum.com\/gl\/publicacion\/tradicionalismo-y-escena-una-aproximacion-a-la-musica-escenica-de-jose-baldomir\/\",\"name\":\"Tradicionalismo e escena: unha aproximaci\u00f3n \u00e1 m\u00fasica esc\u00e9nica de Jos\u00e9 Baldomir - Organistrum\",\"isPartOf\":{\"@id\":\"https:\/\/grupo-organistrum.com\/gl\/#website\"},\"datePublished\":\"2017-03-23T07:47:52+00:00\",\"dateModified\":\"2022-06-13T06:58:20+00:00\",\"breadcrumb\":{\"@id\":\"https:\/\/grupo-organistrum.com\/gl\/publicacion\/tradicionalismo-y-escena-una-aproximacion-a-la-musica-escenica-de-jose-baldomir\/#breadcrumb\"},\"inLanguage\":\"gl-ES\",\"potentialAction\":[{\"@type\":\"ReadAction\",\"target\":[\"https:\/\/grupo-organistrum.com\/gl\/publicacion\/tradicionalismo-y-escena-una-aproximacion-a-la-musica-escenica-de-jose-baldomir\/\"]}]},{\"@type\":\"BreadcrumbList\",\"@id\":\"https:\/\/grupo-organistrum.com\/gl\/publicacion\/tradicionalismo-y-escena-una-aproximacion-a-la-musica-escenica-de-jose-baldomir\/#breadcrumb\",\"itemListElement\":[{\"@type\":\"ListItem\",\"position\":1,\"name\":\"Portada\",\"item\":\"https:\/\/grupo-organistrum.com\/gl\/\"},{\"@type\":\"ListItem\",\"position\":2,\"name\":\"Tradicionalismo e escena: unha aproximaci\u00f3n \u00e1 m\u00fasica esc\u00e9nica de Jos\u00e9 Baldomir\"}]},{\"@type\":\"WebSite\",\"@id\":\"https:\/\/grupo-organistrum.com\/gl\/#website\",\"url\":\"https:\/\/grupo-organistrum.com\/gl\/\",\"name\":\"Organistrum\",\"description\":\"Grupo de Investigaci\u00f3n\",\"publisher\":{\"@id\":\"https:\/\/grupo-organistrum.com\/gl\/#organization\"},\"potentialAction\":[{\"@type\":\"SearchAction\",\"target\":{\"@type\":\"EntryPoint\",\"urlTemplate\":\"https:\/\/grupo-organistrum.com\/gl\/?s={search_term_string}\"},\"query-input\":{\"@type\":\"PropertyValueSpecification\",\"valueRequired\":true,\"valueName\":\"search_term_string\"}}],\"inLanguage\":\"gl-ES\"},{\"@type\":\"Organization\",\"@id\":\"https:\/\/grupo-organistrum.com\/gl\/#organization\",\"name\":\"Grupo Organistrum | Grupo de investigaci\u00f3n | GI-2025\",\"url\":\"https:\/\/grupo-organistrum.com\/gl\/\",\"logo\":{\"@type\":\"ImageObject\",\"inLanguage\":\"gl-ES\",\"@id\":\"https:\/\/grupo-organistrum.com\/gl\/#\/schema\/logo\/image\/\",\"url\":\"https:\/\/grupo-organistrum.com\/wp-content\/uploads\/2022\/02\/logo.png\",\"contentUrl\":\"https:\/\/grupo-organistrum.com\/wp-content\/uploads\/2022\/02\/logo.png\",\"width\":464,\"height\":103,\"caption\":\"Grupo Organistrum | Grupo de investigaci\u00f3n | GI-2025\"},\"image\":{\"@id\":\"https:\/\/grupo-organistrum.com\/gl\/#\/schema\/logo\/image\/\"}}]}<\/script>\n<!-- \/ Yoast SEO plugin. -->","yoast_head_json":{"title":"Tradicionalismo e escena: unha aproximaci\u00f3n \u00e1 m\u00fasica esc\u00e9nica de Jos\u00e9 Baldomir - Organistrum","robots":{"index":"index","follow":"follow","max-snippet":"max-snippet:-1","max-image-preview":"max-image-preview:large","max-video-preview":"max-video-preview:-1"},"canonical":"https:\/\/grupo-organistrum.com\/gl\/publicacion\/tradicionalismo-y-escena-una-aproximacion-a-la-musica-escenica-de-jose-baldomir\/","og_locale":"gl_ES","og_type":"article","og_title":"Tradicionalismo e escena: unha aproximaci\u00f3n \u00e1 m\u00fasica esc\u00e9nica de Jos\u00e9 Baldomir - Organistrum","og_description":"BIBLIOGRAF\u00cdA Capel\u00e1n Fern\u00e1ndez, M. (2013): \u00abTradicionalismo y escena: una aproximaci\u00f3n a la m\u00fasica esc\u00e9nica de Jos\u00e9 Baldomir\u00bb. En M. Capel\u00e1n, L. Costa, J. Garbayo &amp; C. Villanueva (Eds.), Os so\u00f1os da memoria. Documentaci\u00f3n musical en Galicia: metodolox\u00edas para o estudio (pp. 229-260). Pontevedra: Deputaci\u00f3n de Pontevedra.","og_url":"https:\/\/grupo-organistrum.com\/gl\/publicacion\/tradicionalismo-y-escena-una-aproximacion-a-la-musica-escenica-de-jose-baldomir\/","og_site_name":"Organistrum","article_modified_time":"2022-06-13T06:58:20+00:00","twitter_card":"summary_large_image","schema":{"@context":"https:\/\/schema.org","@graph":[{"@type":"WebPage","@id":"https:\/\/grupo-organistrum.com\/gl\/publicacion\/tradicionalismo-y-escena-una-aproximacion-a-la-musica-escenica-de-jose-baldomir\/","url":"https:\/\/grupo-organistrum.com\/gl\/publicacion\/tradicionalismo-y-escena-una-aproximacion-a-la-musica-escenica-de-jose-baldomir\/","name":"Tradicionalismo e escena: unha aproximaci\u00f3n \u00e1 m\u00fasica esc\u00e9nica de Jos\u00e9 Baldomir - Organistrum","isPartOf":{"@id":"https:\/\/grupo-organistrum.com\/gl\/#website"},"datePublished":"2017-03-23T07:47:52+00:00","dateModified":"2022-06-13T06:58:20+00:00","breadcrumb":{"@id":"https:\/\/grupo-organistrum.com\/gl\/publicacion\/tradicionalismo-y-escena-una-aproximacion-a-la-musica-escenica-de-jose-baldomir\/#breadcrumb"},"inLanguage":"gl-ES","potentialAction":[{"@type":"ReadAction","target":["https:\/\/grupo-organistrum.com\/gl\/publicacion\/tradicionalismo-y-escena-una-aproximacion-a-la-musica-escenica-de-jose-baldomir\/"]}]},{"@type":"BreadcrumbList","@id":"https:\/\/grupo-organistrum.com\/gl\/publicacion\/tradicionalismo-y-escena-una-aproximacion-a-la-musica-escenica-de-jose-baldomir\/#breadcrumb","itemListElement":[{"@type":"ListItem","position":1,"name":"Portada","item":"https:\/\/grupo-organistrum.com\/gl\/"},{"@type":"ListItem","position":2,"name":"Tradicionalismo e escena: unha aproximaci\u00f3n \u00e1 m\u00fasica esc\u00e9nica de Jos\u00e9 Baldomir"}]},{"@type":"WebSite","@id":"https:\/\/grupo-organistrum.com\/gl\/#website","url":"https:\/\/grupo-organistrum.com\/gl\/","name":"Organistrum","description":"Grupo de Investigaci\u00f3n","publisher":{"@id":"https:\/\/grupo-organistrum.com\/gl\/#organization"},"potentialAction":[{"@type":"SearchAction","target":{"@type":"EntryPoint","urlTemplate":"https:\/\/grupo-organistrum.com\/gl\/?s={search_term_string}"},"query-input":{"@type":"PropertyValueSpecification","valueRequired":true,"valueName":"search_term_string"}}],"inLanguage":"gl-ES"},{"@type":"Organization","@id":"https:\/\/grupo-organistrum.com\/gl\/#organization","name":"Grupo Organistrum | Grupo de investigaci\u00f3n | GI-2025","url":"https:\/\/grupo-organistrum.com\/gl\/","logo":{"@type":"ImageObject","inLanguage":"gl-ES","@id":"https:\/\/grupo-organistrum.com\/gl\/#\/schema\/logo\/image\/","url":"https:\/\/grupo-organistrum.com\/wp-content\/uploads\/2022\/02\/logo.png","contentUrl":"https:\/\/grupo-organistrum.com\/wp-content\/uploads\/2022\/02\/logo.png","width":464,"height":103,"caption":"Grupo Organistrum | Grupo de investigaci\u00f3n | GI-2025"},"image":{"@id":"https:\/\/grupo-organistrum.com\/gl\/#\/schema\/logo\/image\/"}}]}},"_links":{"self":[{"href":"https:\/\/grupo-organistrum.com\/gl\/wp-json\/wp\/v2\/publicacion\/7714","targetHints":{"allow":["GET"]}}],"collection":[{"href":"https:\/\/grupo-organistrum.com\/gl\/wp-json\/wp\/v2\/publicacion"}],"about":[{"href":"https:\/\/grupo-organistrum.com\/gl\/wp-json\/wp\/v2\/types\/publicacion"}],"wp:attachment":[{"href":"https:\/\/grupo-organistrum.com\/gl\/wp-json\/wp\/v2\/media?parent=7714"}],"wp:term":[{"taxonomy":"categoria-publicacion","embeddable":true,"href":"https:\/\/grupo-organistrum.com\/gl\/wp-json\/wp\/v2\/categoria-publicacion?post=7714"},{"taxonomy":"etiqueta-publicacion","embeddable":true,"href":"https:\/\/grupo-organistrum.com\/gl\/wp-json\/wp\/v2\/etiqueta-publicacion?post=7714"}],"curies":[{"name":"wp","href":"https:\/\/api.w.org\/{rel}","templated":true}]}}

Tradicionalismo e escena: unha aproximación á música escénica de José Baldomir

<p><strong>BIBLIOGRAFÍA</strong></p>
<p>Capelán Fernández, M. (2013): «Tradicionalismo y escena: una aproximación a la música escénica de José Baldomir». En M. Capelán, L. Costa, J. Garbayo &amp; C. Villanueva (Eds.), Os soños da memoria. Documentación musical en Galicia: metodoloxías para o estudio (pp. 229-260). Pontevedra: Deputación de Pontevedra.</p>

<!-- This site is optimized with the Yoast SEO plugin v25.2 - https://yoast.com/wordpress/plugins/seo/ -->
<title>Tradicionalismo e escena: unha aproximación á música escénica de José Baldomir - Organistrum</title>
<meta name="robots" content="index, follow, max-snippet:-1, max-image-preview:large, max-video-preview:-1" />
<link rel="canonical" href="https://grupo-organistrum.com/gl/publicacion/tradicionalismo-y-escena-una-aproximacion-a-la-musica-escenica-de-jose-baldomir/" />
<meta property="og:locale" content="gl_ES" />
<meta property="og:type" content="article" />
<meta property="og:title" content="Tradicionalismo e escena: unha aproximación á música escénica de José Baldomir - Organistrum" />
<meta property="og:description" content="BIBLIOGRAFÍA Capelán Fernández, M. (2013): «Tradicionalismo y escena: una aproximación a la música escénica de José Baldomir». En M. Capelán, L. Costa, J. Garbayo &amp; C. Villanueva (Eds.), Os soños da memoria. Documentación musical en Galicia: metodoloxías para o estudio (pp. 229-260). Pontevedra: Deputación de Pontevedra." />
<meta property="og:url" content="https://grupo-organistrum.com/gl/publicacion/tradicionalismo-y-escena-una-aproximacion-a-la-musica-escenica-de-jose-baldomir/" />
<meta property="og:site_name" content="Organistrum" />
<meta property="article:modified_time" content="2022-06-13T06:58:20+00:00" />
<meta name="twitter:card" content="summary_large_image" />
<script type="application/ld+json" class="yoast-schema-graph">{"@context":"https://schema.org","@graph":[{"@type":"WebPage","@id":"https://grupo-organistrum.com/gl/publicacion/tradicionalismo-y-escena-una-aproximacion-a-la-musica-escenica-de-jose-baldomir/","url":"https://grupo-organistrum.com/gl/publicacion/tradicionalismo-y-escena-una-aproximacion-a-la-musica-escenica-de-jose-baldomir/","name":"Tradicionalismo e escena: unha aproximación á música escénica de José Baldomir - Organistrum","isPartOf":{"@id":"https://grupo-organistrum.com/gl/#website"},"datePublished":"2017-03-23T07:47:52+00:00","dateModified":"2022-06-13T06:58:20+00:00","breadcrumb":{"@id":"https://grupo-organistrum.com/gl/publicacion/tradicionalismo-y-escena-una-aproximacion-a-la-musica-escenica-de-jose-baldomir/#breadcrumb"},"inLanguage":"gl-ES","potentialAction":[{"@type":"ReadAction","target":["https://grupo-organistrum.com/gl/publicacion/tradicionalismo-y-escena-una-aproximacion-a-la-musica-escenica-de-jose-baldomir/"]}]},{"@type":"BreadcrumbList","@id":"https://grupo-organistrum.com/gl/publicacion/tradicionalismo-y-escena-una-aproximacion-a-la-musica-escenica-de-jose-baldomir/#breadcrumb","itemListElement":[{"@type":"ListItem","position":1,"name":"Portada","item":"https://grupo-organistrum.com/gl/"},{"@type":"ListItem","position":2,"name":"Tradicionalismo e escena: unha aproximación á música escénica de José Baldomir"}]},{"@type":"WebSite","@id":"https://grupo-organistrum.com/gl/#website","url":"https://grupo-organistrum.com/gl/","name":"Organistrum","description":"Grupo de Investigación","publisher":{"@id":"https://grupo-organistrum.com/gl/#organization"},"potentialAction":[{"@type":"SearchAction","target":{"@type":"EntryPoint","urlTemplate":"https://grupo-organistrum.com/gl/?s={search_term_string}"},"query-input":{"@type":"PropertyValueSpecification","valueRequired":true,"valueName":"search_term_string"}}],"inLanguage":"gl-ES"},{"@type":"Organization","@id":"https://grupo-organistrum.com/gl/#organization","name":"Grupo Organistrum | Grupo de investigación | GI-2025","url":"https://grupo-organistrum.com/gl/","logo":{"@type":"ImageObject","inLanguage":"gl-ES","@id":"https://grupo-organistrum.com/gl/#/schema/logo/image/","url":"https://grupo-organistrum.com/wp-content/uploads/2022/02/logo.png","contentUrl":"https://grupo-organistrum.com/wp-content/uploads/2022/02/logo.png","width":464,"height":103,"caption":"Grupo Organistrum | Grupo de investigación | GI-2025"},"image":{"@id":"https://grupo-organistrum.com/gl/#/schema/logo/image/"}}]}</script>
<!-- / Yoast SEO plugin. -->

Tradicionalismo e escena: unha aproximación á música escénica de José Baldomir - Organistrum

BIBLIOGRAFÍA Capelán Fernández, M. (2013): «Tradicionalismo y escena: una aproximación a la música escénica de José Baldomir». En M. Capelán, L. Costa, J. Garbayo &amp; C. Villanueva (Eds.), Os soños da memoria. Documentación musical en Galicia: metodoloxías para o estudio (pp. 229-260). Pontevedra: Deputación de Pontevedra.

Grupo de Investigación

Grupo Organistrum | Grupo de investigación | GI-2025
