{"id":7790,"date":"2022-05-25T10:30:44","date_gmt":"2022-05-25T08:30:44","guid":{"rendered":"https:\/\/grupo-organistrum.com\/simposios\/os-sons-da-pedra-o-ronsel-do-mestre-mateo\/"},"modified":"2023-01-20T11:18:10","modified_gmt":"2023-01-20T10:18:10","slug":"os-sons-da-pedra-o-ronsel-do-mestre-mateo","status":"publish","type":"simposios","link":"https:\/\/grupo-organistrum.com\/gl\/simposios\/os-sons-da-pedra-o-ronsel-do-mestre-mateo\/","title":{"rendered":"Os sons da Pedra O ronsel do Mestre Mateo"},"content":{"rendered":"\n<p class=\"has-text-align-center\"><strong>28-30 de abril de 2022<\/strong><\/p>\n\n\n\n<p>No presente simposio est\u00fadanse os proxectos de reconstruci\u00f3n dos instrumentos do P\u00f3rtico da Gloria (1990-1992), Pazo de Xelm\u00edrez (1993) e o P\u00f3rtico do Para\u00edso da Catedral de Ourense (1993) e o sinal que devanditos traballos deixaron na luter\u00eda posterior.<\/p>\n\n\n\n<p>Neste, dar\u00e1n conferencias boa parte dos lutieres que traballaron neles, e presentaranse diferentes mesas redondas nas que participar\u00e1n e debater\u00e1n outros lutieres de diferentes parte de Espa\u00f1a e Europa.<\/p>\n\n\n\n<p><strong>Directores:<\/strong><br>Carlos Villanueva<br>Montserrat Capel\u00e1n<\/p>\n\n\n\n<div class=\"wp-block-buttons is-layout-flex wp-block-buttons-is-layout-flex\">\n<div class=\"wp-block-button\"><a class=\"wp-block-button__link wp-element-button\" href=\"https:\/\/grupo-organistrum.com\/wp-content\/uploads\/2022\/05\/Simposio-programa.pdf\" target=\"_blank\" rel=\"noreferrer noopener\">Programa<\/a><\/div>\n\n\n\n<div class=\"wp-block-button\"><a class=\"wp-block-button__link wp-element-button\" href=\"https:\/\/sonsdapedra.wixsite.com\/inicio\/simposio\" target=\"_blank\" rel=\"noreferrer noopener\">Web &#8220;Os sons da pedra&#8221;<\/a><\/div>\n<\/div>\n","protected":false},"featured_media":7290,"template":"","meta":{"_acf_changed":false},"categoria-simposios":[],"acf":[],"_links":{"self":[{"href":"https:\/\/grupo-organistrum.com\/gl\/wp-json\/wp\/v2\/simposios\/7790","targetHints":{"allow":["GET"]}}],"collection":[{"href":"https:\/\/grupo-organistrum.com\/gl\/wp-json\/wp\/v2\/simposios"}],"about":[{"href":"https:\/\/grupo-organistrum.com\/gl\/wp-json\/wp\/v2\/types\/simposios"}],"wp:featuredmedia":[{"embeddable":true,"href":"https:\/\/grupo-organistrum.com\/gl\/wp-json\/wp\/v2\/media\/7290"}],"wp:attachment":[{"href":"https:\/\/grupo-organistrum.com\/gl\/wp-json\/wp\/v2\/media?parent=7790"}],"wp:term":[{"taxonomy":"categoria-simposios","embeddable":true,"href":"https:\/\/grupo-organistrum.com\/gl\/wp-json\/wp\/v2\/categoria-simposios?post=7790"}],"curies":[{"name":"wp","href":"https:\/\/api.w.org\/{rel}","templated":true}]}}

<p class="has-text-align-center"><strong>28-30 de abril de 2022</strong></p>



<p>No presente simposio estúdanse os proxectos de reconstrución dos instrumentos do Pórtico da Gloria (1990-1992), Pazo de Xelmírez (1993) e o Pórtico do Paraíso da Catedral de Ourense (1993) e o sinal que devanditos traballos deixaron na lutería posterior.</p>



<p>Neste, darán conferencias boa parte dos lutieres que traballaron neles, e presentaranse diferentes mesas redondas nas que participarán e debaterán outros lutieres de diferentes parte de España e Europa.</p>



<p><strong>Directores:</strong><br>Carlos Villanueva<br>Montserrat Capelán</p>



<div class="wp-block-buttons is-layout-flex wp-block-buttons-is-layout-flex">
<div class="wp-block-button"><a class="wp-block-button__link wp-element-button" href="https://grupo-organistrum.com/wp-content/uploads/2022/05/Simposio-programa.pdf" target="_blank" rel="noreferrer noopener">Programa</a></div>



<div class="wp-block-button"><a class="wp-block-button__link wp-element-button" href="https://sonsdapedra.wixsite.com/inicio/simposio" target="_blank" rel="noreferrer noopener">Web &#8220;Os sons da pedra&#8221;</a></div>
</div>
